{"id":1775,"date":"2023-01-29T17:57:35","date_gmt":"2023-01-29T20:57:35","guid":{"rendered":"https:\/\/sulrefrigeracao.com.br\/?page_id=1775"},"modified":"2023-01-29T17:57:35","modified_gmt":"2023-01-29T20:57:35","slug":"climatizacao-e-refrigeracao","status":"publish","type":"page","link":"https:\/\/sulrefrigeracao.com.br\/index.php\/climatizacao-e-refrigeracao\/","title":{"rendered":"Climatiza\u00e7\u00e3o e Refrigera\u00e7\u00e3o"},"content":{"rendered":"","protected":false},"excerpt":{"rendered":"","protected":false},"author":1,"featured_media":0,"parent":0,"menu_order":0,"comment_status":"closed","ping_status":"closed","template":"","meta":{"_monsterinsights_skip_tracking":false,"_monsterinsights_sitenote_active":false,"_monsterinsights_sitenote_note":"","_monsterinsights_sitenote_category":0,"footnotes":""},"class_list":["post-1775","page","type-page","status-publish","hentry"],"_links":{"self":[{"href":"https:\/\/sulrefrigeracao.com.br\/index.php\/wp-json\/wp\/v2\/pages\/1775","targetHints":{"allow":["GET"]}}],"collection":[{"href":"https:\/\/sulrefrigeracao.com.br\/index.php\/wp-json\/wp\/v2\/pages"}],"about":[{"href":"https:\/\/sulrefrigeracao.com.br\/index.php\/wp-json\/wp\/v2\/types\/page"}],"author":[{"embeddable":true,"href":"https:\/\/sulrefrigeracao.com.br\/index.php\/wp-json\/wp\/v2\/users\/1"}],"replies":[{"embeddable":true,"href":"https:\/\/sulrefrigeracao.com.br\/index.php\/wp-json\/wp\/v2\/comments?post=1775"}],"version-history":[{"count":1,"href":"https:\/\/sulrefrigeracao.com.br\/index.php\/wp-json\/wp\/v2\/pages\/1775\/revisions"}],"predecessor-version":[{"id":1776,"href":"https:\/\/sulrefrigeracao.com.br\/index.php\/wp-json\/wp\/v2\/pages\/1775\/revisions\/1776"}],"wp:attachment":[{"href":"https:\/\/sulrefrigeracao.com.br\/index.php\/wp-json\/wp\/v2\/media?parent=1775"}],"curies":[{"name":"wp","href":"https:\/\/api.w.org\/{rel}","templated":true}]}}